5510?
670
What is the greatest common divisor of 82688 and 9376?
32
What is the highest common factor of 9963 and 427630?
41
Calculate the greatest common divisor of 357034 and 6256.
34
Calculate the greatest common divisor of 343 and 12886853.
343
Calculate the highest common divisor of 184 and 3715864.
8
What is the greatest common factor of 1968677532 and 564?
564
What is the greatest common divisor of 16545353 and 12056?
1507
Calculate the greatest common divisor of 1200 and 1756480.
80
What is the greatest common divisor of 4224 and 3576?
24
What is the greatest common divisor of 78604 and 281969?
457
What is the greatest common factor of 32 and 689096?
8
Calculate the greatest common divisor of 685962282 and 114.
114
What is the highest common factor of 18308 and 16455708?
796
What is the greatest common factor of 73494 and 198706?
2722
What is the highest common divisor of 47190642 and 4332?
2166
Calculate the highest common factor of 429947907 and 1758.
879
Calculate the greatest common factor of 23295600 and 936.
72
What is the greatest common divisor of 2832482 and 57?
19
What is the greatest common factor of 119892 and 92538?
582
What is the greatest common divisor of 6312716 and 3348?
124
Calculate the greatest common factor of 2148021931 and 22.
11
What is the highest common divisor of 2780 and 629150140?
2780
What is the highest common divisor of 5633 and 495033673?
5633
What is the greatest common divisor of 17332 and 215236?
28
Calculate the highest common factor of 2454136 and 703.
37
Calculate the greatest common divisor of 9867140 and 130.
10
What is the highest common divisor of 742381 and 9?
1
What is the highest common divisor of 40378430 and 310?
310
Calculate the greatest common divisor of 10664134 and 6994.
26
What is the greatest common divisor of 2197321 and 7?
7
What is the greatest common divisor of 18340 and 70868?
28
Calculate the greatest common factor of 3 and 13298775.
3
What is the greatest common divisor of 280 and 761490?
10
Calculate the highest common factor of 2022 and 15638148.
2022
What is the highest common divisor of 53567 and 44666?
23
What is the highest common divisor of 11410795 and 55?
55
Calculate the highest common factor of 197037 and 18459.
9
What is the greatest common divisor of 349713 and 681590?
637
Calculate the greatest common divisor of 43579258 and 3487.
317
What is the greatest common factor of 200 and 1043515200?
200
What is the greatest common divisor of 28774005 and 10660?
2665
What is the highest common factor of 19412 and 56?
4
Calculate the highest common factor of 4656 and 398688.
48
What is the greatest common divisor of 7260825 and 4875?
975
What is the greatest common divisor of 3175 and 194329050?
3175
What is the greatest common factor of 94445 and 1625?
65
What is the greatest common factor of 4540 and 1175738555?
1135
Calculate the greatest common factor of 9006 and 360.
6
What is the greatest common divisor of 133 and 78339317?
7
What is the greatest common factor of 85702290 and 210?
30
What is the greatest common divisor of 5851910094 and 4801?
4801
Calculate the highest common factor of 370 and 17109762.
74
What is the highest common factor of 70513515 and 706?
353
Calculate the highest common factor of 40 and 3466884.
4
What is the highest common factor of 46 and 141332470?
46
What is the highest common divisor of 3940 and 108220?
20
What is the greatest common factor of 110 and 18482650?
10
Calculate the highest common factor of 527096936 and 152.
152
Calculate the greatest common divisor of 2000338 and 68162.
394
What is the highest common factor of 53325704 and 2604?
124
What is the highest common factor of 26985473 and 329?
47
What is the highest common divisor of 939 and 131029312?
313
Calculate the highest common factor of 5672 and 4393673.
709
Calculate the greatest common factor of 900 and 2601360.
180
Calculate the highest common divisor of 21352 and 744494.
314
Calculate the greatest common factor of 5144601 and 3102.
33
Calculate the highest common factor of 54736 and 148677904.
4976
What is the greatest common divisor of 656 and 19175782?
82
Calculate the highest common divisor of 30864876 and 35316.
1308
What is the greatest common factor of 4640972 and 364?
28
Calculate the highest common factor of 18192 and 5473518.
2274
What is the highest common divisor of 539325 and 240?
15
What is the highest common divisor of 694 and 2096?
2
Calculate the highest common divisor of 4094779 and 11167.
13
What is the greatest common divisor of 746733 and 15?
3
Calculate the greatest common factor of 424 and 2418655.
53
What is the greatest common factor of 12814 and 775396?
298
What is the greatest common divisor of 36180400 and 1305?
145
What is the greatest common divisor of 361 and 6831716?
19
Calculate the greatest common divisor of 1743967833 and 2531.
2531
Calculate the greatest common divisor of 13024 and 28446.
22
Calculate the highest common divisor of 449 and 51561813.
449
What is the greatest common factor of 22886469 and 95?
19
Calculate the highest common divisor of 624 and 110324916.
156
Calculate the greatest common factor of 4170192 and 23062.
26
What is the highest common divisor of 8007 and 63937?
17
Calculate the greatest common divisor of 8832 and 21888.
384
Calculate the highest common divisor of 1167594 and 2550.
102
Calculate the highest common divisor of 42 and 4957456.
14
What is the highest common factor of 637 and 61758767?
49
Calculate the highest common divisor of 129288228 and 18940.
3788
Calculate the greatest common factor of 52013 and 450388569.
4001
Calculate the greatest common divisor of 1067766 and 5082.
42
Calculate the greatest common factor of 3846299 and 29.
29
Calculate the highest common divisor of 27226628 and 86372.
572
What is the greatest common divisor of 2614848 and 90240?
192
What is the highest common divisor of 70650800 and 88?
88
What is the highest common divisor of 35312 and 1024?
16
What is the greatest common factor of 2095 and 19751241?
419
What is the highest common divisor of 1494 and 232326?
18
Calculate the greatest common divisor of 37176 and 4596.
12
Calculate the greatest common factor of 9435833 and 187.
187
Calculate the highest common divisor of 17487522 and 18.
18
What is the highest common divisor of 300 and 131388300?
300
What is the greatest common divisor of 4666636 and 13260?
884
Calculate the greatest common divisor of 333835 and 24245.
1865
Calculate the greatest common divisor of 4828 and 394261722.
2414
Calculate the highest common factor of 23706120 and 1320.
120
What is the highest common factor of 7776 and 8963946?
162
What is the greatest common factor of 1305906 and 544?
34
What is the highest common divisor of 232981280 and 192?
32
What is the greatest common divisor of 342 and 4987842?
114
Calculate the highest common factor of 285100 and 145.
5
What is the greatest common divisor of 7233629 and 141?
47
Calculate the highest common factor of 379134 and 1037.
17
What is the highest common divisor of 70609 and 21791?
77
What is the highest common divisor of 1316 and 541193156?
1316
Calculate the greatest common factor of 4469630 and 1927684.
4994
What is the highest common divisor of 1858 and 196636785?
929
What is the greatest common divisor of 2184 and 188139?
21
What is the greatest common factor of 824 and 349400?
8
Calculate the highest common factor of 26875 and 89741.
43
Calculate the highest common divisor of 10075 and 9518275.
325
What is the greatest common divisor of 14 and 12536573?
7
What is the greatest common factor of 6744960 and 540?
180
Calculate the greatest common divisor of 2258416 and 5372.
68
What is the highest common divisor of 2382 and 10367258?
794
Calculate the greatest common factor of 27 and 5027256.
9
What is the greatest common factor of 117884414 and 86?
86
What is the highest common factor of 24803 and 29461?
17
What is the highest common divisor of 171 and 73943934?
57
Calculate the highest common divisor of 14363482 and 63.
7
Calculate the highest common divisor of 12067 and 257719.
11
Calculate the highest common factor of 47559 and 851478.
573
Calculate the highest common factor of 92386 and 13664.
14
Calculate the greatest common factor of